12) in base 6?
44454
What is 100010000 (base 2) in base 3?
101002
What is -1011021 (base 3) in base 12?
-5a4
What is 6224 (base 11) in base 16?
203e
520 (base 16) to base 12
914
Convert -1012020 (base 3) to base 4.
-31212
What is -671 (base 9) in base 4?
-20212
What is -1d0 (base 16) in base 11?
-392
Convert -442 (base 12) to base 7.
-1553
Convert -10216 (base 8) to base 14.
-178a
3d1 (base 15) to base 8
1547
What is -212310 (base 4) in base 7?
-10146
What is -1001010010 (base 2) in base 3?
-211000
-222 (base 13) to base 5
-2431
What is -2414333 (base 5) in base 2?
-1010111110101000
Convert 3a01 (base 12) to base 2.
1100111100001
What is 1050 (base 8) in base 12?
3a0
Convert 243 (base 16) to base 14.
2d5
What is -111010110000 (base 2) in base 10?
-3760
463 (base 9) to base 13
234
Convert -9c5 (base 13) to base 9.
-2268
-412a (base 12) to base 2
-1101110110010
Convert 10131102 (base 4) to base 10.
18258
Convert 3630 (base 15) to base 12.
6800
Convert 1495 (base 15) to base 10.
4415
What is -2384 (base 13) in base 7?
-20414
Convert -2b (base 16) to base 6.
-111
39a1 (base 15) to base 12
7151
Convert 111 (base 16) to base 4.
10101
Convert -179 (base 11) to base 13.
-12c
3122110 (base 4) to base 7
55510
What is -6490 (base 10) in base 12?
-390a
Convert -9cc (base 15) to base 13.
-1017
Convert 6 (base 7) to base 15.
6
7c (base 14) to base 9
132
19279 (base 10) to base 12
b1a7
7207 (base 11) to base 12
5652
What is -7120 (base 12) in base 3?
-121211020
133 (base 14) to base 7
463
What is -1517 (base 11) in base 9?
-2611
Convert 1121002 (base 3) to base 9.
1532
-3b0 (base 13) to base 11
-541
Convert 4931 (base 11) to base 10.
6447
7ab (base 13) to base 8
2454
Convert -111010011001100 (base 2) to base 4.
-13103030
Convert -100111010 (base 2) to base 15.
-15e
-23041 (base 7) to base 8
-13344
Convert 4156 (base 10) to base 15.
1371
31213 (base 4) to base 16
367
11220102 (base 3) to base 13
1820
Convert 39ea (base 15) to base 9.
17864
Convert 13566 (base 7) to base 5.
104343
What is -370 (base 8) in base 6?
-1052
-1b28 (base 13) to base 6
-30534
What is 126 (base 7) in base 12?
59
13422 (base 7) to base 14
1482
-17672 (base 12) to base 14
-c450
Convert -56601 (base 7) to base 8.
-34026
Convert -344 (base 11) to base 14.
-215
What is dd1 (base 14) in base 3?
10202011
-1510 (base 6) to base 2
-110010010
9b7 (base 12) to base 14
747
Convert 17680 (base 12) to base 7.
200343
-2422 (base 14) to base 12
-3792
Convert 2b64 (base 12) to base 9.
7014
What is 6436 (base 10) in base 11?
4921
Convert -3283 (base 15) to base 9.
-15606
Convert -1663 (base 9) to base 5.
-20042
-1200021 (base 3) to base 16
-4c6
Convert -704 (base 11) to base 6.
-3535
10382 (base 9) to base 14
2714
-32011 (base 8) to base 3
-200021101
What is 18206 (base 13) in base 15?
db8b
What is 67710 (base 9) in base 12?
22099
What is a1 (base 15) in base 9?
177
625 (base 8) to base 3
120000
333310 (base 5) to base 16
2db9
What is 10320113 (base 4) in base 14?
73dd
Convert -3332 (base 9) to base 4.
-212123
Convert -2170 (base 12) to base 5.
-104214
10a2a (base 13) to base 6
352115
What is -100011001100010 (base 2) in base 16?
-4662
What is 34424 (base 7) in base 5?
240124
What is 7042 (base 11) in base 3?
110211210
What is 30333110 (base 4) in base 11?
36a78
1111000001100110 (base 2) to base 13
22020
Convert -967 (base 13) to base 9.
-2174
-23441 (base 10) to base 12
-11695
What is 22160 (base 8) in base 2?
10010001110000
What is 1232242 (base 5) in base 2?
101111000001000
852 (base 10) to base 13
507
-1112 (base 5) to base 4
-2131
What is 1102214 (base 5) in base 8?
45163
Convert -404 (base 10) to base 7.
-1115
10121121 (base 3) to base 15
baa
What is 91b7 (base 14) in base 16?
61dd
What is -102022 (base 3) in base 5?
-2210
What is 3203 (base 10) in base 5?
100303
What is 2404 (base 8) in base 15?
5a9
Convert -26508 (base 13) to base 3.
-10121121110
What is 510 (base 15) in base 2?
10001110100
Convert 1011101011101 (base 2) to base 12.
3565
1223321 (base 4) to base 10
6905
What is 1052 (base 13) in base 12?
1388
What is -83a0 (base 12) in base 11?
-a88a
What is -202220021 (base 3) in base 16?
-3b83
What is -605 (base 13) in base 15?
-47e
What is -1366b (base 12) in base 2?
-110100011110011
1111011101 (base 2) to base 8
1735
What is -5750 (base 10) in base 3?
-21212222
-97c1 (base 14) to base 8
-63175
What is -1c (base 14) in base 11?
-24
3da (base 15) to base 5
12010
Convert -3655 (base 8) to base 14.
-a05
What is -11343 (base 6) in base 12?
-b53
What is -587 (base 12) in base 11?
-689
Convert -242422 (base 5) to base 9.
-13444
Convert -12433 (base 5) to base 9.
-1323
Convert 13504 (base 6) to base 4.
201100
What is -2374 (base 8) in base 12?
-8a4
What is -2201121011 (base 3) in base 15?
-10d6d
Convert 18e3 (base 16) to base 7.
24401
What is -3ab (base 14) in base 3?
-1000101
Convert -601 (base 10) to base 6.
-2441
Convert 1a48 (base 15) to base 10.
5693
What is 225 (base 9) in base 7?
353
2647 (base 9) to base 8
3703
What is -273 (base 14) in base 3?
-200021
Convert 22020 (base 3) to base 8.
336
Convert -1101101 (base 2) to base 8.
-155
Convert 3202421 (base 5) to base 7.
311636
Convert -210001010 (base 3) to base 4.
-3233223
3657 (base 8) to base 11
1529
Convert 11a9 (base 12) to base 3.
2202010
311 (base 9) to base 16
fd
45112 (base 6) to base 8
14244
What is 1506 (base 9) in base 10?
1140
Convert 66446 (base 9) to base 13.
170ca
Convert 7697 (base 10) to base 2.
1111000010001
What is 2154 (base 13) in base 11?
3531
What is -12001110 (base 3) in base 13?
-18a5
212202000 (base 3) to base 7
101313
102220 (base 3) to base 8
501
What is -321412 (base 6) in base 12?
-13268
Convert -132544 (base 7) to base 16.
-618d
-5b1 (base 14) to base 13
-694
Convert -3d5 (base 16) to base 15.
-456
2079 (base 12) to base 10
3549
-114102 (base 5) to base 7
-15320
Convert 153354 (base 6) to base 8.
35306
-bda (base 15) to base 3
-10200021
What is 1211210 (base 3) in base 13?
7c5
Convert -8c (base 14) to base 16.
-7c
What is -992 (base 10) in base 8?
-1740
Convert -113154 (base 6) to base 14.
-37d4
What is -ad7a (base 15) in base 11?
-25706
3b9 (base 13) to base 12
46b
What is -100121211 (base 3) in base 7?
-26311
What is -4b5 (base 13) in base 3?
-1010112
What is 3431 (base 5) in base 14?
271
8273 (base 10) to base 14
302d
Convert 212003 (base 5) to base 8.
15730
What is -5154 (base 11) in base 3?
-100101011
What is -133030 (base 4) in base 6?
-13124
24 (base 6) to base 14
12
Convert -234b (base 12) to base 13.
-1a48
What is 103131 (base 4) in base 16?
4dd
What is a13 (base 16) in base 13?
1235
What is -1862 (base 9) in base 5?
-21213
Convert -4243 (base 7) to base 12.
-a51
What is 22221020 (base 3) in base 9?
8836
What is 12f6 (base 16) in base 14?
1aaa
-764 (base 12) to base 13
-655
Convert 2252 (base 8) to base 3.
1122020
Convert 5033 (base 12) to base 6.
104103
-710 (base 10) to base 8
-1306
-12169 (base 11) to base 5
-1024444
Convert 22214 (base 10) to base 4.
11123012
Convert -2022103 (base 4) to base 13.
-404b
What is 741 (base 13) in base 14?
644
What is 3465 (base 8) in base 6?
12313
Convert 196 (base 11) to base 5.
1401
Convert 10650 (base 8) to base 2.
1000110101000
What is -37301 (base 10) in base 4?
-21012311
Convert -23003 (base 5) to base 14.
-844
Convert -3322 (base 5) to base 3.
-122010
What is -4db (base 16) in base 13?
-748
-111021111 (base 3) to base 2
-10010111001111
3c0 (base 13) to base 6
3023
What is -1122000 (base 3) in base 2?
-10010100100
Convert 1000000101 (base 2) to base 7.
1336
What is -1312013 (base 4) in base 9?
-11328
Convert 221313 (base 4) to base 6.
20223
Convert 12705 (base 14) to base 13.
177c2
2010221 (base 3) to base 16
61c
39a (base 11) to base 3
122111
Convert 2002402 (base 5) to base 12.
16356
85 (base 15) to base 16
7d
Convert 110000110110 (base 2) to base 14.
11d4
What is 52103 (base 6) in base 4?
1230213
What is -141420 (base 5) in base 3?
-22001001
12d (base 16) to base 11
254
Convert -54a (base 16) to base 10.
-1354
What is -113112 (base 6) in base 13?
-45a1
Convert 10133 (base 6) to base 13.
801
3012332 (base 4) to base 12
7452
-232540 (base 6) to base 4
-10321230
-24c6a (base 13) to base 6
-1242534
Convert -14c (base 16) to base 6.
-1312
Convert 13374 (base 10)